n (3/9)/(0 - 2/(-438)) is divided by 38?
35
Suppose -k + 5*s = 1, 6*k = 2*k + 5*s + 11. Suppose -2*d + 5*g = -83, -4*g = k*d - 5*g - 139. What is the remainder when d is divided by 13?
8
Let p(k) = 3*k**2 + 6*k + 5. Let l(h) = -3*h + 47. Let i be l(17). Calculate the remainder when 83 is divided by p(i).
25
Let v be 7 - (-4)/(-2 - 2). Let k = 12 - v. Suppose 9*t - 45 = k*t. What is the remainder when t is divided by 6?
3
What is the remainder when 16 is divided by 315/42*16/10?
4
Let x be 6/51 + (-616)/34. Let z be 21 - ((-2 - -4) + -2). Let l = z + x. What is the remainder when 8 is divided by l?
2
Let n be (4 - -16)*(-10)/8. Let s = 25 + n. Suppose -2*x + 5*x - 90 = s. What is the remainder when x is divided by 8?
6
Let f(v) = 10*v + 3. Let x be f(1). Suppose x*g - 12*g = 10. What is the remainder when 19 is divided by g?
9
Suppose -15*u = -345 - 75. Calculate the remainder when 28 is divided by u.
0
Let y = 4265 + -2200. What is the remainder when y is divided by 39?
37
Suppose 8*i + 5*m - 15 = 3*i, 2*i + 3*m = 3. What is the remainder when 143 is divided by 296/i + (-2)/6?
45
Let y = -11 - -45. Suppose y = 5*a + 14. What is the remainder when 6 is divided by a?
2
Suppose 4*q = 3*l + 59, q - 10*l + 11*l = 13. What is the remainder when 263 is divided by q?
11
Suppose -2*i = 5*m + 21 + 29, 2*i = 4*m + 58. Let a = 9 + m. Calculate the remainder when 16 + 1 - (a - -6) is divided by 8.
6
Suppose -v - 124 = -3*v. Let b = 26 + -13. Suppose 13 = 14*y - b*y. What is the remainder when v is divided by y?
10
Let z(y) = 6*y**2 + 31*y + 5. Calculate the remainder when 44 is divided by z(-6).
9
Suppose 0*s = -4*s + 5*x + 70, s - 3*x = 14. Calculate the remainder when s is divided by 3.
2
Let k be 0/1 - (-33)/11. Calculate the remainder when 67 is divided by (k + -11)*(-7)/4.
11
Let a = -619 + 656. Calculate the remainder when 293 is divided by a.
34
Let o(u) = -u**3 + 10*u**2 + 8*u + 8. Let w be o(10). Let g = 0 + w. Calculate the remainder when g is divided by 18.
16
Let n be 1/2*(-9 + 17). Suppose -127 = 3*j - 6*j - 5*b, -33 = -j - n*b. What is the remainder when j is divided by 18?
13
Suppose 54*w = 69*w - 525. Calculate the remainder when 289 is divided by w.
9
Let y(p) = 2*p**2 + 16*p + 40. Calculate the remainder when y(-8) is divided by 21.
19
Calculate the remainder when 260 is divided by 394/9 + (-13)/(585/(-10)).
40
Suppose 5*w = 1247 - 787. What is the remainder when w is divided by 53?
39
Let r = 1822 - 1686. What is the remainder when r is divided by 36?
28
Let c(z) = -z**3 - 20*z**2 - 37*z - 2. Let h = -12 + 15. Suppose 69 + 24 = h*q. Calculate the remainder when q is divided by c(-18).
15
Let k(b) = b + 29. Let t be k(14). Let j = -40 + t. Calculate the remainder when 5 is divided by j.
2
Suppose 0 = -l + 5*x + 1406, 5*l + 3*x - 5783 = 1303. What is the remainder when l is divided by 43?
40
What is the remainder when 51 is divided by 13/(-4 - (0 + -5))?
12
Suppose j - 5*x + 10 = 0, -4*j - x = x - 4. Suppose 2*z + j*z = 38. What is the remainder when 55 is divided by z?
17
Calculate the remainder when 801 is divided by (35/49 + (-2)/(-7))*35.
31
Let r(y) = -21*y**3 - y**2 - 8*y - 6. Calculate the remainder when 126 is divided by r(-1).
16
Let p = -2342 + 2354. What is the remainder when 2 - (-2 + 0 + -28) is divided by p?
8
Let r(t) = -2*t**2 + 23 - 14*t + 6*t**2 - 5*t**2. Suppose 0 = v + 3*v - 52. What is the remainder when r(-13) is divided by v?
10
Let f = 146 - 135. Suppose -f*w + 14*w = 150. What is the remainder when w is divided by 17?
16
Suppose 3*l + 40 = 343. Suppose -42 = -2*j + 16*j - 406. What is the remainder when l is divided by j?
23
Let k(i) = 4*i**2 + 12. Calculate the remainder when k(4) is divided by 27.
22
Suppose 10*x - 5*x - 130 = 0. What is the remainder when 108 is divided by x - (9 - 3)*6/9?
20
Let p = -235 - -255. What is the remainder when 54 is divided by p?
14
Suppose -7*x + 3608 - 696 = 0. Suppose 0 = -10*m + 14*m - x. Suppose 3*b - 66 = 3*p, -3*p = 5*b - 2*p - m. What is the remainder when b is divided by 4?
1
Let o(v) = 3 - 1 - 3*v - 11*v**3 + 32*v**3 - 9*v**3. What is the remainder when 30 is divided by o(1)?
8
Let s = -13 - -26. What is the remainder when (-1292)/(-17) + -19 + 6 is divided by s?
11
Let g(j) = 262*j + 3. Let x be g(1). Suppose -7*q = -12*q + x. What is the remainder when q is divided by 22?
9
Suppose 4*u - 5*u = -66. Suppose -2*s - s + u = 0. Suppose g = 5, -2*g - 235 = -3*r + 2*g. What is the remainder when r is divided by s?
19
Suppose 4*a - 5*q = 985, 0*q - q = -a + 245. Calculate the remainder when a is divided by 9.
6
Let k = 20 + 41. What is the remainder when k is divided by 16?
13
Let g(q) = q**3 - 4*q**2 - 13*q + 55. Calculate the remainder when 54 is divided by g(5).
9
Suppose -82 + 7 = -5*z. What is the remainder when 252 is divided by z?
12
Suppose -3*u = -5*z - 7, -4*z = z + 25. What is the remainder when 23 is divided by (u/(-4))/(1/2)?
2
Let v(r) = -142 - 134 + 275 + 9*r. Suppose -5*o - 5*b + 26 = -24, 2*b = 6. Calculate the remainder when v(o) is divided by 13.
10
Let o = 412 - 391. Calculate the remainder when 38 is divided by o.
17
Suppose -a + 5*a + 124 = 4*t, -5*t + 155 = -4*a. Suppose 4*m + k - 24 = 0, -2*m + 30 = -10*k + 6*k. What is the remainder when t is divided by m?
3
Let n = 402 + -396. Calculate the remainder when 34 is divided by n.
4
Let f(a) = a + 17. Let k be (-1 + 3)/((-3)/(-18)). Suppose -5*j - k = -8*j. What is the remainder when j is divided by f(-15)?
0
Let c = 14 + -12. Suppose -60 = -5*q - 5*i, -3*q - q = c*i - 40. Suppose -3*k - 15 = -q*k. What is the remainder when 6 is divided by k?
0
Suppose 3325 + 2782 = 31*y. What is the remainder when y is divided by 68?
61
Suppose -19*x - 1029 + 2701 = 0. Calculate the remainder when x is divided by 9.
7
Let v = -4 + -6. Let a be (8/v)/((-20)/(-150)). Let u = a - -12. What is the remainder when 14 is divided by u?
2
Suppose -7*w = -3*w + 3480. Suppose -z - 85 = -4*c + 4*z, -2*z = 10. Calculate the remainder when (8/10)/((-12)/w) is divided by c.
13
Let a be (-51)/(-6) + (-2)/4. Suppose 3*o + 3*s + a + 16 = 0, 4*o + s = -35. Calculate the remainder when 16 is divided by -2 + (-24)/(o/3).
4
Let t(c) = -3*c - 6. Let s be ((-147)/15 + 3)/((-1)/5). Suppose -a + 2 = 0, v = -2*a + s - 13. What is the remainder when v is divided by t(-4)?
5
Suppose -3*p - 60 = -8*p. Suppose -p = -2*t + t. Calculate the remainder when (-14)/4*t/(-6) is divided by 3.
1
Let v = -6 + 9. Suppose 4*m - 2*f + 68 = 330, -2*m + 133 = -v*f. Calculate the remainder when m is divided by (-176)/(-8) + 6 + -5.
19
Suppose -6*s = -1077 - 1017. What is the remainder when s is divided by 21?
13
Let l(r) = -r - 3. Suppose 0 = 2*f - 6 - 2. What is the remainder when l(-7) is divided by ((-22)/33)/(f/(-18))?
1
Let n(h) = h**3 + 14*h**2 - 16*h + 7. Let o be n(-13). Let b = o + -211. What is the remainder when b is divided by 25?
23
Let k(f) = 2*f**3 - 2*f**2 + 3*f - 2. Let d be (-30)/(-16) - 2/(-16). Suppose -s + 2*s - d = 0. What is the remainder when 33 is divided by k(s)?
9
Let h(g) = -33*g + 931. Calculate the remainder when h(27) is divided by 17.
6
Let v(x) = 2*x**3 - x**2 - x. Let q be v(3). What is the remainder when (-18)/q - 398/(-14) is divided by 16?
12
Suppose 3*w + 162 = 6*w - 4*g, -g - 108 = -2*w. Let v = -28 + w. Suppose 2*r - 8 = v. Calculate the remainder when 48 is divided by r.
14
Let i(n) = -37*n - 46. Let u(j) be the second derivative of j**5/20 - j**4/3 + j**3 - j**2 + 3*j. What is the remainder when i(-3) is divided by u(4)?
21
Let g(p) = -3*p + 13 + 18 + 0*p**3 + 3 - p**3. What is the remainder when g(0) is divided by 9?
7
Suppose -5*v + 18 = -2. Suppose -3*x = -2*x + 2*n - 76, -v*n - 128 = -2*x. What is the remainder when x is divided by (-16)/(-32)*8*(4 - -2)?
22
Suppose 3*h + 2*i = 25, -4*i = -h - 5*i + 7. Suppose 0 = v + 4*v - 145. Calculate the remainder when v is divided by h.
7
Calculate the remainder when (-11 - -6)*264/(-15) is divided by 29.
1
Let x be (-2)/6*(12 + -15). Calculate the remainder when (-20 - -45) + (4 - x) is divided by 15.
13
Suppose -2818 = -34*g - 608. Calculate the remainder when 174 is divided by g.
44
Let u be (0 - (-5)/5) + 1122. Let i = u - 332. Calculate the remainder when 2/12 + i/42 is divi